- 759. Calculate the remainder when 711 is divided by p.
11
Calculate the remainder when 156 is divided by 2 + ((-22)/(-2) - (146 - 147)).
2
Let a = 146 - 105. Suppose 4*u = a + 75. Calculate the remainder when 135 is divided by u.
19
Let j = 185 - 192. Let f(n) = -2*n**3 - 10*n**2 + 23*n - 2. What is the remainder when f(j) is divided by 19?
14
Suppose 13*a + 67*a = -101*a + 54119. What is the remainder when 327 is divided by a?
28
Let i = -36249 + 36262. What is the remainder when 546 is divided by i?
0
Suppose 629*r = 71726 + 166665. Calculate the remainder when r is divided by 374.
5
Let k(v) = 461*v - 6144. Calculate the remainder when 2313 is divided by k(15).
0
Let c = 29 + -26. Suppose q - 27 - 12 = -3*f, 5*q = c*f + 195. Let m = 1140 - 1133. What is the remainder when q is divided by m?
4
Let i be 23 + (-4)/(-2) + -1 + -1. Let y = i - 24. Calculate the remainder when 52 is divided by (-3 + y)*66/(-24).
8
Suppose -1896*a = -1890*a - 96. Suppose -3*y = -4*y + 34. Calculate the remainder when y is divided by a.
2
Suppose -4*f + 12 = 2*f. Suppose -1089 = -9*g - f*g. Suppose -y = -g + 11. Calculate the remainder when y is divided by 30.
28
Let q(s) = -3*s**2 + 13*s + 7. Let y be q(4). Suppose -z + 2*w + 19 = -y, -5*z = 2*w - 90. What is the remainder when z is divided by 13?
7
Calculate the remainder when (2 - 659)*(-13 - (-8 - -6)) is divided by 52.
51
What is the remainder when (-4)/2 - (-13 - (10 + 13)) is divided by 82/7 - (-1 - (-35)/49)?
10
Let d = 169 + -247. Let x = 96 + d. What is the remainder when 140/2*1 + 1 is divided by x?
17
Suppose 109 = 19*m - 62. Suppose 0 = -m*x + 2133 + 1152. Calculate the remainder when x is divided by 16.
13
Let x = 58 - 14. Let b = -91 + 101. Calculate the remainder when x is divided by 533/65 + 0 + 8/b.
8
Suppose n + 0*d + 3*d = 14, 3*n - 2*d = 86. Let q = 7693 + -4461. Suppose 137*t - q = 105*t. Calculate the remainder when t is divided by n.
23
Suppose -11*l - 1809 = -2*l. Let g = l - -379. Suppose 4*h = 5*n - 209, n = 3*n + 5*h - 110. Calculate the remainder when g is divided by n.
43
Let s = -8 + 5. Let z(v) be the first derivative of -11*v**2 - 2*v + 351. What is the remainder when z(s) is divided by 33?
31
Suppose j - 3 = 6. Let y(a) = -3*a + 19. Let d be y(-5). Suppose -60 = -3*q + 2*p, q + 8*p = 4*p + d. Calculate the remainder when q is divided by j.
4
Let n(s) = -s**3 - 10*s**2 - 48*s - 94. Let h = 0 + 11. What is the remainder when n(-5) is divided by h?
10
Let s(j) = 0*j**2 + 4*j**2 - 6*j**2 + 9*j + 5*j**2 + 9. Calculate the remainder when 191 is divided by s(-5).
35
Let r(g) = 15787*g**2 - 23 + 21*g + 7*g + g**3 - 15798*g**2. What is the remainder when r(8) is divided by 8?
1
Let f = 10 - -49. Suppose -361 = -5*g + m + 3*m, 3*g - 195 = -3*m. Let q = g - f. Calculate the remainder when 32 is divided by q.
2
Suppose -397 = -5*x - 2*q + 6, -x - q = -80. Let o = -694 + 716. What is the remainder when x is divided by o?
15
Let z = -498 - -503. Calculate the remainder when 23/(z/(30/(-4)) + 1) is divided by 6.
3
Let d = -128 + 132. Let k = -8 - -61. Suppose -f = -d*h + k, 2*f - 38 = -h - 3*h. Calculate the remainder when 71 is divided by h.
11
Suppose -4*c - 4*i = -36, 4*i + 0 = 4*c - 4. Suppose -2*u = -q + 6*q + 5, 0 = 4*q - c*u - 29. What is the remainder when 35 is divided by (-6)/3 - (-15)/q?
9
Suppose 1754 + 21542 = 8*x. Suppose -47*a + 34*a + x = 0. Calculate the remainder when a is divided by 10.
4
Suppose -4*k - 12 = 0, 4*l - 5*k + 29 + 12 = 0. Let x = l - -30. Suppose p = 15 + 14. What is the remainder when p is divided by x?
13
Suppose 5*x - 4*l + 2794 = 6*x, -9*x - l = -25216. What is the remainder when x is divided by 696?
18
Let q(c) = -39*c + 364. Let v = 48 + -4. What is the remainder when v is divided by q(9)?
5
Suppose -6*i + 194 = w - i, 5*w - 940 = 5*i. Suppose 7*l - w - 518 = 0. Calculate the remainder when l is divided by 15.
11
Suppose -34*g - 563 + 6241 = 0. Suppose 16*f + g - 1095 = 0. Calculate the remainder when f is divided by -3 + 3 + (-15)/(-1).
13
Let p = -18 - -40. Calculate the remainder when (1026/(-15))/(1374/(-1145)) is divided by p.
13
Let k(h) = -2*h + 43. Let f be k(19). Suppose f*l + 3*i - 245 = 0, 245 = 2*l + 3*l - 2*i. Calculate the remainder when 145 is divided by l.
47
Let u = 69 + -62. Suppose u*a = 1034 - 5297. Calculate the remainder when (a/(-63))/(2/36) is divided by 35.
34
Let p = 17189 + -17122. Calculate the remainder when 181 is divided by p.
47
Let f = -882 + 1497. Suppose 0 = -5*n - h + 523, -4*h - 98 = 5*n - f. Calculate the remainder when n is divided by 27.
24
Let g(c) = 354*c**2 + 1. Let o = -32405 - -32477. Calculate the remainder when g(1) is divided by o.
67
Let o(c) = -c**2 - 50*c + 300. Let j = 20 - 27. Let y(l) = 2*l**2 + 11*l - 5. Calculate the remainder when o(5) is divided by y(j).
9
Let g = -2442 - -2534. What is the remainder when 243 is divided by g?
59
Suppose -32421 = -29*v + 104336 - 33314. What is the remainder when v is divided by 17?
14
Let d = 546 + -894. Let k = 397 + d. Calculate the remainder when k is divided by 16.
1
Let a = -30 + 57. Let f = -245 - -457. Suppose 0*g + f = 2*g. Calculate the remainder when g is divided by a.
25
Calculate the remainder when (1003/51 - 21)*654/(-8) is divided by 75.
34
Let x = 197 - 171. Let c = x - 10. What is the remainder when 42 is divided by c?
10
Suppose -5*s + 176 + 198 = -3*j, 2*s - 160 = -4*j. Suppose 0 = -4*c - 3*x + 1158, 5*c - 1554 = -24*x - 147. What is the remainder when c is divided by s?
63
Let u be 2/(-3) + (-562)/(-6). Let x = u - -189. Calculate the remainder when x is divided by 19.
16
Let x(z) = -2093*z - 199. Let a be x(-3). What is the remainder when 569 is divided by (1/2)/(32/a)?
94
Suppose -46*k = 72569 - 74869. Let j(r) = -2*r**3 - 10*r**2 + 2. What is the remainder when j(-7) is divided by k?
48
What is the remainder when 38373 is divided by 240 + 5 + 4/(28/7)?
243
Suppose -2*b = 5*x - 151, -2*x + 73 = -16*b + 21*b. Let j = 116 - 60. Calculate the remainder when j is divided by x.
27
Let t = -25 + 26. Let d(r) = -3*r**2 + 3*r**2 - 48*r - r**2 + 1 - r**2. Calculate the remainder when t is divided by d(-24).
0
What is the remainder when 1221 is divided by ((-120)/25)/(13/(-65))?
21
Let z(l) = 2*l**2 - 440*l - 2122. Let p = 24 + 2. Calculate the remainder when z(225) is divided by p.
24
Let o = 509 + -607. Let c = o - -110. What is the remainder when 215 is divided by c?
11
Suppose 323*j - 321*j - 5*m = 565, 2*m = -6. What is the remainder when 738 is divided by j?
188
Let i(z) = z**3 - 15*z**2 + 23*z - 113. What is the remainder when 21 is divided by i(14)?
8
What is the remainder when (6676/(-8))/((28/184)/(-7)) is divided by 22?
19
Let c = -4003 + 4041. What is the remainder when 43 is divided by c?
5
Let g(k) = k**2 - k + 7. Let r = 3208 - 3200. What is the remainder when g(-6) is divided by r?
1
Let h(o) be the first derivative of -o**4/2 + 5*o**3 + 9*o**2/2 + o - 21. Suppose -5 = -2*m + 45. What is the remainder when m is divided by h(8)?
7
Let n(u) = u**2 - 15*u + 99. Suppose -k - 8*l + 21 = -5*l, 5*l = 20. What is the remainder when 269 is divided by n(k)?
44
Let m(n) = -2*n**2 + n + 62. Let a be m(10). Let h = a - -146. What is the remainder when 74 is divided by h?
2
Let u(b) = -5*b + 1047. What is the remainder when u(53) is divided by 8?
6
Suppose -3*n = 5*j + 143, -j - 2*n = 2*j + 86. Let t be (-4)/18 - (-1020)/(-27). Let o = j - t. What is the remainder when 28 is divided by o?
8
Let z = 3902 + -3817. Calculate the remainder when 216 is divided by z.
46
Suppose -787 = -8*v + 549. What is the remainder when v is divided by 43?
38
Suppose 0 = -3*g - 3*g - 3*g. Suppose 2*n - 3*f - 27 = g, f + 4*f = 5*n - 65. Calculate the remainder when 154 is divided by n.
10
Suppose 0 = -2*h + 4*z + 72, 4*h - z + 38 = 154. Suppose -8 = 2*n, -s + 278 + 125 = -5*n. Suppose 9*a = 202 + s. Calculate the remainder when a is divided by h.
9
Suppose 43*s - 49*s - 144 = 0. What is the remainder when 2/((3/s)/((-6)/16)) is divided by 2?
0
Let h(g) = -84*g + 1. Let j be h(-1). Let z = 1 + j. Suppose -2*i - 4 = 2*i, -2*k - 4*i + z = 0. Calculate the remainder when 131 is divided by k.
41
Suppose -608*z = -605*z - 60. Let c be (22/(-4) + 3)/(1/(-2)). What is the rema